ctors of 64837069.
11, 23, 29, 8837
What are the prime factors of 404678560?
2, 5, 11, 13, 23, 769
List the prime factors of 107592089.
11, 9781099
List the prime factors of 81722810.
2, 5, 13, 223, 2819
What are the prime factors of 122335648?
2, 199, 19211
List the prime factors of 429505121.
429505121
What are the prime factors of 122572346?
2, 13, 17, 67, 4139
What are the prime factors of 2470778352?
2, 3, 7, 101, 3467
What are the prime factors of 626736254?
2, 103, 211, 14419
What are the prime factors of 182441515?
5, 19, 1920437
What are the prime factors of 17515598?
2, 8757799
List the prime factors of 341145522.
2, 3, 23, 887, 929
List the prime factors of 1525695732.
2, 3, 11, 3852767
List the prime factors of 427108782.
2, 3, 17, 773, 5417
List the prime factors of 42488265.
3, 5, 937, 3023
List the prime factors of 12292315.
5, 7, 157, 2237
What are the prime factors of 73847720?
2, 5, 293, 6301
List the prime factors of 169746759.
3, 7, 13, 23029
What are the prime factors of 46651872?
2, 3, 53, 173
List the prime factors of 322412352.
2, 3, 233, 7207
What are the prime factors of 447313730?
2, 5, 44731373
What are the prime factors of 152072772?
2, 3, 41, 309091
List the prime factors of 4721793.
3, 1573931
List the prime factors of 397540182.
2, 3, 13, 41, 124309
What are the prime factors of 1192368652?
2, 6911, 43133
What are the prime factors of 2378458939?
2378458939
What are the prime factors of 65497909?
643, 101863
List the prime factors of 301279067.
19, 15856793
List the prime factors of 121820044.
2, 131, 383, 607
What are the prime factors of 9629830?
2, 5, 7, 47, 2927
What are the prime factors of 78496667?
17, 4617451
What are the prime factors of 227978066?
2, 751, 151783
List the prime factors of 151832493.
3, 449, 37573
List the prime factors of 468587910.
2, 3, 5, 7, 2231371
List the prime factors of 448161512.
2, 19, 563, 5237
List the prime factors of 644064535.
5, 43, 61, 49109
List the prime factors of 52644741.
3, 53, 331099
List the prime factors of 294608247.
3, 41, 2395189
List the prime factors of 6861720672.
2, 3, 23825419
List the prime factors of 224383604.
2, 73, 768437
List the prime factors of 20289946.
2, 2833, 3581
What are the prime factors of 2740363067?
13, 210797159
What are the prime factors of 10189248?
2, 3, 53069
What are the prime factors of 45326705?
5, 281, 32261
What are the prime factors of 5928289791?
3, 1976096597
List the prime factors of 318578630.
2, 5, 29, 31, 35437
List the prime factors of 3780232240.
2, 5, 47252903
What are the prime factors of 17899597?
59, 71, 4273
List the prime factors of 503802082.
2, 7, 35985863
List the prime factors of 3416382939.
3, 1523, 747731
What are the prime factors of 3743403167?
7, 4931, 15493
What are the prime factors of 237548846?
2, 31, 313, 12241
What are the prime factors of 67502735?
5, 73, 79, 2341
List the prime factors of 2538315700.
2, 5, 59, 109, 3947
List the prime factors of 145100495.
5, 37, 784327
List the prime factors of 616624006.
2, 308312003
What are the prime factors of 20488350?
2, 3, 5, 137, 997
List the prime factors of 33514129.
11, 431, 7069
List the prime factors of 137676720.
2, 3, 5, 139, 4127
List the prime factors of 1448458032.
2, 3, 7, 47, 13103
What are the prime factors of 58637507?
29, 137, 14759
What are the prime factors of 287188200?
2, 3, 5, 13, 4091
What are the prime factors of 568946217?
3, 7, 41, 71, 227
List the prime factors of 4887555.
3, 5, 163, 1999
List the prime factors of 161232517.
161232517
What are the prime factors of 64269872?
2, 97, 41411
List the prime factors of 79557729.
3, 26519243
List the prime factors of 788326874.
2, 394163437
List the prime factors of 145815511.
17, 691, 12413
List the prime factors of 964464257.
397, 2429381
What are the prime factors of 397369266?
2, 3, 7, 9461173
List the prime factors of 741241266.
2, 3, 373, 331207
What are the prime factors of 62639633?
7, 8948519
What are the prime factors of 7234427012?
2, 1808606753
What are the prime factors of 966647966?
2, 47, 2237, 4597
What are the prime factors of 6431006808?
2, 3, 89319539
What are the prime factors of 113399796?
2, 3, 9449983
List the prime factors of 2521875390.
2, 3, 5, 84062513
List the prime factors of 347563226.
2, 179, 970847
What are the prime factors of 549398490?
2, 3, 5, 19, 643, 1499
List the prime factors of 3649092500.
2, 5, 17, 19, 4519
What are the prime factors of 23616980?
2, 5, 1180849
What are the prime factors of 1083597093?
3, 29, 4151713
List the prime factors of 47116948.
2, 11779237
List the prime factors of 24985795.
5, 43, 251, 463
What are the prime factors of 349762180?
2, 5, 2833, 6173
What are the prime factors of 170242720?
2, 5, 1064017
What are the prime factors of 242253230?
2, 5, 17, 19, 179, 419
List the prime factors of 2119420722.
2, 3, 43, 61, 134669
What are the prime factors of 1093138878?
2, 3, 13, 37, 47, 8059
List the prime factors of 1493772738.
2, 3, 59, 4219697
What are the prime factors of 501398588?
2, 31, 89, 45433
What are the prime factors of 1049470499?
7, 11, 13629487
What are the prime factors of 2317722341?
11, 210702031
What are the prime factors of 1310834295?
3, 5, 29129651
What are the prime factors of 678418983?
3, 11, 17, 44789
What are the prime factors of 94060564?
2, 13, 19, 95203
List the prime factors of 1745762125.
5, 47, 297151
List the prime factors of 288618656.
2, 17, 530549
List the prime factors of 15240801.
3, 5080267
What are the prime factors of 284444010?
2, 3, 5, 523, 6043
List the prime factors of 69753929.
7, 9964847
What are the prime factors of 148020418?
2, 7, 13, 813299
List the prime factors of 1502267482.
2, 239, 3142819
List the prime factors of 75126801.
3, 41, 610787
List the prime factors of 20465035.
5, 59, 173, 401
List the prime factors of 49107971.
11, 107, 3793
List the prime factors of 39087922.
2, 19543961
List the prime factors of 382778588.
2, 95694647
List the prime factors of 1462213595.
5, 292442719
List the prime factors of 2306921833.
457, 521, 9689
List the prime factors of 76389413.
76389413
List the prime factors of 496502041.
7, 2213, 32051
What are the prime factors of 37891078?
2, 53, 179, 1997
List the prime factors of 17885324.
2, 199, 22469
List the prime factors of 191389518.
2, 3, 10632751
List the prime factors of 2806779484.
2, 19, 3253, 11353
What are the prime factors of 944721149?
13693, 68993
What are the prime factors of 1874802692?
2, 7, 293, 228523
List the prime factors of 117584808.
2, 3, 11, 419, 1063
List the prime factors of 43729991.
43729991
What are the prime factors of 43983428?
2, 53, 207469
List the prime factors of 43167383.
7, 41, 21487
What are the prime factors of 36328212?
2, 3, 107, 9431
What are the prime factors of 77962721?
77962721
What are the prime factors of 222815867?
222815867
What are the prime factors of 360038052?
2, 3, 11, 157, 5791
List the prime factors of 87416793.
3, 3237659
What are the prime factors of 791315574?
2, 3, 7, 18840847
List the prime factors of 4098816885.
3, 5, 273254459
What are the prime factors of 114585036?
2, 3, 1447, 6599
List the prime factors of 4442186090.
2, 5, 1297, 342497
List the prime factors of 3248582001.
3, 7, 29, 419, 439
List the prime factors of 201090415.
5, 40218083
What are the prime factors of 124180084?
2, 7, 269, 16487
List the prime factors of 536506420.
2, 5, 19, 127, 11117
List the prime factors of 347797622.
2, 19, 9152569
List the prime factors of 626353648.
2, 39147103
List the prime factors of 4732892653.
43, 173, 349, 1823
List the prime factors of 42834829.
42834829
What are the prime factors of 200428657?
11, 13, 17, 29, 2843
What are the prime factors of 144895362?
2, 3, 827, 29201
List the prime factors of 8444206744.
2, 701, 1505743
List the prime factors of 868066033.
868066033
List the prime factors of 139237153.
11, 1697, 7459
What are the prime factors of 521516561?
521516561
What are the prime factors of 906606967?
7, 37, 71437
What are the prime factors of 172482528?
2, 3, 1796693
What are the prime factors of 279156553?
13, 59, 363959
List the prime factors of 183580248.
2, 3, 7649177
List the prime factors of 81724042.
2, 40862021
List the prime factors of 100892934